
What is the tens digit of (-2*6/8)/((-3)/148)?
7
Let j = 34 + -17. What is the tens digit of j?
1
Let p(g) be the first derivative of -2*g - 1/2*g**2 + 2 - 1/4*g**4 - 1/3*g**3. What is the units digit of p(-2)?
4
Let u(h) = -10*h - 9. What is the tens digit of u(-24)?
3
Suppose 5*q - 750 = -0*q. What is the tens digit of q?
5
Let q be 2 - (3/(-3) + -15). Let u = 25 - q. What is the units digit of u?
7
Let t(o) = o**2 - 4*o - 5. Let i(k) = 2*k**2 + k. Let a be i(-2). What is the units digit of t(a)?
7
Suppose -5*i + 10*i = 35. Suppose i*o - 6 = 4*o. What is the units digit of o?
2
Let j(n) = 25*n**2. What is the tens digit of j(-1)?
2
Suppose 0 = p + 4*r - 23, -4*p - 3 = r - 20. Let f be (-8)/(-2)*p - -3. Suppose 0 = 3*d - f - 33. What is the units digit of d?
6
Let t be 2 + 27 - (0 - 2). Let j = t - 18. Suppose -5*s - 3*y + 24 = 0, 2*s - j + 1 = -2*y. What is the units digit of s?
3
Let w(u) = -u**2 - 6*u + 4. Let n be w(-6). What is the units digit of ((-24)/(-30))/(n/30)?
6
Suppose -167 = -5*n + 138. What is the tens digit of n?
6
Let n(g) = g**2 + 5*g + 4. Let b be n(-6). Let d = 32 + b. Suppose -j + d = j. What is the units digit of j?
1
Let r(c) = c**3 - 9*c**2 + 11*c + 3. What is the tens digit of r(8)?
2
Let k = -8 + 22. Suppose -k = -2*q + 2. What is the units digit of q?
8
Suppose -4 = -4*z + 2*z. What is the units digit of z?
2
Suppose 5*l + 3*k = -38, 0*l = 5*l + 4*k + 34. Let y = l + 17. What is the units digit of y?
7
What is the units digit of (-6)/21 + (-956)/(-14)?
8
Suppose -2*j - 5*k = -648, -4*j = 3*k - 1149 - 175. What is the tens digit of j?
3
What is the units digit of 35 + (2 - 2 - 2)?
3
Suppose 0 = 4*r - r - 30. Let z be 1*1/2*-6. Let x = r + z. What is the units digit of x?
7
Suppose 2*v = 3*v - 175. Suppose -3*m - 2*m + v = 0. What is the units digit of m?
5
Suppose -2*z = -0*z - 22. Let u = 5 - 2. Suppose u*o - 15 = -2*i + 5, 2*o = -i + z. What is the units digit of i?
7
Let u = 58 - 21. Suppose 0 = 3*s + 1 - u. What is the units digit of s?
2
Let x be (-40)/(-25) - (-4)/10. Suppose -7*g + 3*g - d = -83, g = x*d + 14. What is the tens digit of g?
2
Let a(r) = 8*r - 28. What is the tens digit of a(11)?
6
Let n(s) = 3*s**2 - 22*s - 9. What is the units digit of n(8)?
7
Let v be -1*(-6 - (-3 + 0)). Let r be 0 + -1*(-4 + v). What is the units digit of r/((-3)/9) + 7?
4
Let b(y) = -7 + 2*y + 7. What is the units digit of b(5)?
0
Suppose -t - 3*c = -133, -5*t + 2*c = -0*c - 699. What is the units digit of t?
9
Let h(n) = 29*n**3 + n**2 + n + 1. Let o be h(-1). Suppose q - 66 + 72 = 0. Let x = q - o. What is the tens digit of x?
2
Let j(m) = -m**2 + 5*m - 3. Let h be j(3). Suppose 3*f + 6 + h = 0, 5*t - 19 = -2*f. Suppose 0 = -2*a + t*a - 21. What is the units digit of a?
7
Suppose 5*k = 29 - 4. Suppose -k*n - 3*b = -30, -n + 2 = -4*b + 19. Suppose q = -5*w + 7 + 7, -n*q = w - 28. What is the units digit of q?
9
Suppose 6 = -5*h - 24. Let g(w) = w + 2. Let m be g(h). Let v = m + 6. What is the units digit of v?
2
Let x(n) = -2*n**3 - 2*n**2 + 3*n - 2. Let f be 1 + 0 - (-1 + 5). What is the units digit of x(f)?
5
Suppose 48 = 6*b - 2*b. Suppose l = 9 + b. What is the tens digit of l?
2
Let p(l) = -l - 7. Let o be p(-6). Let a be (o + 0 + 0)*-25. Suppose a = 4*s + s. What is the units digit of s?
5
Suppose -15 = -4*p + 13. Let q = -12 + 29. Let r = q - p. What is the units digit of r?
0
Suppose 4*d - 151 = 45. What is the units digit of d?
9
Suppose 0*x + 2*x = 78. What is the tens digit of x?
3
Suppose 16 = 5*u - 4. Suppose -2*p + 4 = -u. What is the units digit of p?
4
Suppose 0 = -3*m + m + 42. Let v = m - 13. What is the units digit of v?
8
Let u = -5 - -12. Suppose -4*a - 16 = -4*v, -6*v - 1 = -v + 2*a. Let r = u - v. What is the units digit of r?
6
Let g = -3 - -8. Suppose -2*y + y = 0. Let m = y + g. What is the units digit of m?
5
Suppose -5*s + 122 = -4*j, 4*j - j - 6 = 0. What is the tens digit of s?
2
Suppose 11*m + 4*m = 570. What is the tens digit of m?
3
Let x = 14 + -8. Suppose x*p = 2*p + 68. What is the units digit of p?
7
Let j = -458 - -685. What is the tens digit of j?
2
Suppose -8 = 5*q + o - 4, 4*o = -16. Let k be 5 - q - 0/4. Suppose 3*u + 21 = 2*c, 3*c - 2*u = -k*u - 6. What is the units digit of c?
3
Let x be (198/(-4))/(6/(-8)). Suppose -i - i = -x. What is the units digit of i?
3
Let q = -3 - 9. Let n be (-1)/(-4) - (-3)/q. Let w = 3 - n. What is the units digit of w?
3
Suppose 3*b = 3*p + 93 + 69, -p - 66 = -5*b. What is the units digit of 20*(-3 - p/15)?
8
Let g be 4*(-2 + 2 - 2). Let t = g + 6. What is the units digit of (t - 0)/((-2)/7)?
7
Let i be 1/((-27)/(-12) - 2). Suppose 0*u - 3*r - 84 = -3*u, i*r - 50 = -2*u. What is the units digit of u?
7
Suppose 13*i - 6*i = 371. What is the tens digit of i?
5
Let o = 0 - -8. Let v = 11 - o. What is the units digit of v?
3
Let q be 1 + -2 + (-3)/(-3). Suppose 0 = -q*p - p + 16. What is the units digit of p?
6
Let c(m) = m**2 + 2*m + 3. What is the units digit of c(-2)?
3
Let f = -1 + 7. Suppose -5*j - k + f = -91, -2*j = -3*k - 32. What is the units digit of j?
9
Let m(p) = p**3 - p - 1 - 6*p**2 - 6*p + 3*p**2. Suppose 1 = -3*x + 16. What is the units digit of m(x)?
4
Suppose 22 = -4*v + 62. Suppose -v = 2*d - 52. What is the tens digit of d?
2
Suppose 5*t - 3*a = 26, 0*t + 4*a + 16 = 2*t. Let q = -8 - -6. What is the units digit of ((1 - -3) + q)*t?
8
Let j(d) = -d**3 - d**2 + 4*d + 14. Let r(i) = 2*i**3 + 2*i**2 - 7*i - 27. Let b = 8 + -12. Let h(s) = b*r(s) - 7*j(s). What is the units digit of h(0)?
0
What is the units digit of ((1 - -32) + -2)*3?
3
Let x be (0 + (-40)/(-15))*12. Suppose 5*h - 32 = 3. Suppose -x = -h*r + 3*r. What is the units digit of r?
8
Let c(b) be the third derivative of b**6/120 + 2*b**5/15 + b**4/6 - b**3/2 - b**2. What is the units digit of c(-7)?
8
Suppose -2*d = -d + 22. Let j = d - -46. What is the units digit of j?
4
Suppose c = 3 - 1. Let o(v) = 2*v**2 - v + c*v - v**3 + 3 - v**2. What is the units digit of o(0)?
3
Suppose -5*f - 1 = 4. What is the units digit of 3 + f + 12/4?
5
Let q = 2 - 8. What is the tens digit of (4/q)/((-9)/162)?
1
Let b(v) = -v**2 + 2*v**2 - 8*v + 11*v. What is the units digit of b(-4)?
4
Let r(a) be the first derivative of -a**3/3 + 2*a**2 - 2. What is the units digit of r(3)?
3
Suppose 110 = -5*s + i, s = -0*i + 4*i - 41. What is the units digit of 6/s - 102/(-14)?
7
Suppose -4*j = j - 2*f - 13, -f = -4*j + 11. Let q be 3 + -2 + 3 + 0. Suppose -q*p + 2*s + 20 = -44, -j*s - 6 = -p. What is the tens digit of p?
1
Let r(p) = -2*p**3 + p**2 - p + 2. Let h = -4 + 1. Let l(f) = -5*f**3 + 2*f**2 - 2*f + 5. Let t(i) = h*l(i) + 7*r(i). What is the units digit of t(2)?
9
What is the units digit of -8 - -4 - -2*11?
8
What is the tens digit of (-362)/(-4)*(-20)/(-10)?
8
Let p(q) be the first derivative of q**4/4 + 2*q**3 + 3*q**2/2 - 5*q - 2. Let c be p(-4). Suppose -5*z = -0*z - c. What is the units digit of z?
3
Let u(k) = k**2 + 11*k + 10. Let s be u(-10). Suppose s = 4*z - 24. What is the units digit of z?
6
Let i(j) = -j**2 - 41*j - 11. What is the hundreds digit of i(-14)?
3
Let j = 3 - 1. What is the units digit of 6/j + 2 - 0?
5
Suppose 14 = 2*s - 24. Let c = s - -10. What is the units digit of c?
9
What is the hundreds digit of (1 - (-6 + 10))*35/(-1)?
1
Let b be (-4)/(-6)*(-6 - 12). Let x be (2 - 0)*(-6)/b. Suppose 2*s = 3*s - x. What is the units digit of s?
1
Suppose 3*r = 2*b - 3*b - 2, -4*b = 2*r - 2. Let d = b + 4. What is the units digit of d?
5
Suppose -x + a - 2*a = -5, 2*a + 2 = x. Suppose 0 = -0*u - 2*u + d + 92, 3*d + 182 = x*u. What is the units digit of u?
7
Suppose -1016 = -50*u + 46*u. What is the units digit of u?
4
Let j be 45/(-6)*(-8)/10. Suppose 2*p = -2, -3*u - 3*p = -0*u - j. What is the units digit of (u/6)/((-2)/(-4))?
1
Suppose 4*k - k + 48 = 0. What is the units digit of 205/7 - k/(-56)?
9
Let p(v) = -5*v - 1. Let z be p(-1). Suppose 0 = -c + 2*s - 3, s - 9 = z*c - 4*s. What is the units digit of -1 + c*(-2 - 10)?
1
Suppose 2*h - 118 = -4. What is the tens digit of h?
5
Let k(b) = b**3 - 2*b**2 - 4 - 6*b - 5 + 17*b. Let n(h) = h**2 + h. Let u(z) = -k(z) + 5*n(z). What is the units digit of u(6)?
9
Suppose 10*k + 1421 = 17*k. What is the hundreds digit of k?
2
Let 